1
54 (base 12) to base 10
64
Convert -34 (base 8) to base 5.
-103
5 (base 8) to base 14
5
Convert -1 (base 12) to base 10.
-1
Convert -3 (base 5) to base 9.
-3
What is -23 (base 7) in base 11?
-16
-78 (base 10) to base 6
-210
71 (base 10) to base 12
5b
-3 (base 4) to base 11
-3
-7 (base 11) to base 13
-7
What is -16 (base 9) in base 14?
-11
What is -2 (base 6) in base 7?
-2
What is -4 (base 16) in base 13?
-4
Convert 13 (base 8) to base 9.
12
What is -11 (base 3) in base 4?
-10
Convert 114 (base 8) to base 16.
4c
Convert -112 (base 12) to base 15.
-a8
Convert -a0 (base 11) to base 13.
-86
What is 44 (base 9) in base 10?
40
Convert -152 (base 8) to base 10.
-106
-e (base 16) to base 5
-24
What is 1 (base 8) in base 4?
1
What is 111 (base 3) in base 16?
d
Convert 346 (base 8) to base 5.
1410
What is -3 (base 13) in base 6?
-3
Convert 103 (base 6) to base 2.
100111
Convert -1a (base 13) to base 11.
-21
Convert 0 (base 7) to base 2.
0
-123 (base 8) to base 5
-313
Convert 2 (base 13) to base 10.
2
-102 (base 3) to base 10
-11
1d (base 15) to base 16
1c
What is -45 (base 12) in base 4?
-311
-3 (base 12) to base 5
-3
Convert -10 (base 3) to base 7.
-3
What is 13 (base 7) in base 13?
a
Convert -36 (base 13) to base 16.
-2d
13 (base 14) to base 12
15
What is -ab (base 13) in base 14?
-a1
24 (base 7) to base 5
33
Convert -12 (base 7) to base 3.
-100
What is 1 (base 10) in base 4?
1
2 (base 15) to base 6
2
Convert 11 (base 3) to base 13.
4
-241 (base 5) to base 7
-131
3 (base 16) to base 7
3
Convert 6 (base 10) to base 8.
6
Convert -11 (base 15) to base 16.
-10
What is -2 (base 14) in base 7?
-2
-42 (base 8) to base 5
-114
-1110 (base 2) to base 6
-22
Convert -11 (base 6) to base 11.
-7
What is -1 (base 11) in base 7?
-1
1 (base 14) to base 4
1
Convert -66 (base 9) to base 5.
-220
-103 (base 4) to base 10
-19
What is -20021 (base 3) in base 13?
-100
Convert 1 (base 8) to base 11.
1
-8 (base 16) to base 5
-13
Convert -10 (base 4) to base 8.
-4
What is -a (base 12) in base 7?
-13
241 (base 5) to base 14
51
-1010110 (base 2) to base 7
-152
Convert -30 (base 9) to base 6.
-43
-7 (base 10) to base 4
-13
What is -3 (base 5) in base 2?
-11
15a (base 16) to base 15
181
Convert -21 (base 3) to base 4.
-13
11 (base 4) to base 16
5
What is 10 (base 15) in base 4?
33
Convert 1 (base 7) to base 13.
1
Convert -15 (base 8) to base 2.
-1101
-3 (base 11) to base 8
-3
Convert -12 (base 8) to base 6.
-14
What is 91 (base 13) in base 11?
a8
Convert -111200 (base 3) to base 9.
-450
-57 (base 12) to base 10
-67
What is -23 (base 4) in base 6?
-15
What is -5 (base 10) in base 2?
-101
1 (base 10) to base 4
1
-c (base 14) to base 6
-20
Convert 23 (base 13) to base 16.
1d
What is a7 (base 12) in base 10?
127
Convert -3 (base 5) to base 2.
-11
Convert -2 (base 12) to base 13.
-2
-10101100 (base 2) to base 11
-147
What is -1324 (base 6) in base 13?
-202
Convert c1 (base 13) to base 10.
157
-2 (base 12) to base 9
-2
Convert 12 (base 3) to base 7.
5
Convert -7 (base 12) to base 10.
-7
Convert -2 (base 4) to base 2.
-10
What is 11 (base 2) in base 4?
3
What is -10 (base 4) in base 15?
-4
What is 311 (base 4) in base 9?
58
Convert -1011111 (base 2) to base 15.
-65
What is -1010 (base 2) in base 4?
-22
What is -14 (base 13) in base 2?
-10001
-10 (base 7) to base 15
-7
-3 (base 4) to base 16
-3
What is -1 (base 12) in base 6?
-1
c4 (base 13) to base 8
240
1 (base 5) to base 7
1
4 (base 16) to base 14
4
What is 30 (base 11) in base 15?
23
What is -122 (base 4) in base 14?
-1c
3 (base 15) to base 5
3
6c (base 13) to base 3
10100
Convert -1 (base 12) to base 9.
-1
Convert -1210 (base 3) to base 9.
-53
What is 18 (base 11) in base 2?
10011
Convert 6 (base 10) to base 16.
6
-33 (base 15) to base 8
-60
Convert -303 (base 6) to base 10.
-111
What is 0 (base 6) in base 10?
0
What is 12 (base 12) in base 10?
14
Convert -5 (base 12) to base 5.
-10
Convert -6 (base 9) to base 10.
-6
Convert 101001 (base 2) to base 8.
51
What is 1122 (base 5) in base 11?
138
Convert 3 (base 7) to base 13.
3
Convert 126 (base 8) to base 5.
321
Convert -2 (base 3) to base 11.
-2
Convert -2 (base 8) to base 16.
-2
-2200 (base 4) to base 14
-b6
2210 (base 3) to base 7
135
-11101 (base 2) to base 13
-23
Convert 4f (base 16) to base 9.
87
-1 (base 11) to base 9
-1
What is -23 (base 12) in base 11?
-25
What is 1200 (base 4) in base 10?
96
-24 (base 6) to base 16
-10
5 (base 9) to base 5
10
1 (base 3) to base 7
1
Convert 2 (base 5) to base 16.
2
Convert -240 (base 5) to base 14.
-50
Convert 201 (base 3) to base 9.
21
Convert -10001011 (base 2) to base 3.
-12011
15 (base 16) to base 12
19
What is 1100 (base 4) in base 5?
310
Convert -113 (base 8) to base 6.
-203
Convert 2a (base 15) to base 13.
31
-1 (base 15) to base 13
-1
Convert 1111110 (base 2) to base 16.
7e
6 (base 14) to base 4
12
What is -43 (base 15) in base 11?
-58
-1120 (base 3) to base 13
-33
What is -12 (base 10) in base 13?
-c
Convert 3 (base 11) to base 15.
3
121 (base 5) to base 4
210
Convert 1 (base 14) to base 8.
1
-2 (base 15) to base 8
-2
What is -14 (base 6) in base 11?
-a
0 (base 12) to base 9
0
18 (base 13) to base 5
41
1d (base 15) to base 6
44
Convert 6 (base 8) to base 16.
6
What is -23 (base 9) in base 4?
-111
Convert 0 (base 2) to base 9.
0
Convert 3 (base 15) to base 14.
3
What is -7 (base 15) in base 8?
-7
Convert -3d (base 16) to base 7.
-115
What is -36 (base 12) in base 10?
-42
What is 205 (base 8) in base 13?
a3
87 (base 11) to base 8
137
Convert -1 (base 13) to base 7.
-1
51 (base 8) to base 5
131
Convert 66 (base 7) to base 5.
143
What is 3 (base 8) in base 6?
3
Convert -231 (base 7) to base 15.
-80
c (base 16) to base 4
30
What is 101 (base 3) in base 5?
20
What is -220 (base 3) in base 14?
-1a
What is -9e (base 15) in base 16?
-95
Convert 11c (base 15) to base 7.
510
314 (base 8) to base 5
1304
What is -46 (base 9) in base 10?
-42
What is -2 (base 16) in base 4?
-2
Convert 123 (base 5) to base 14.
2a
What is -101101 (base 2) in base 10?
-45
What is 0 (base 8) in base 5?
0
Convert 3 (base 12) to base 11.
3
What is 1 (base 16) in base 4?
1
What is 131 (base 4) in base 16?
1d
What is -3 (base 11) in base 3?
-10
What is -103 (base 5) in base 11?
-26
Convert 170 (base 13) to base 8.
404
Convert -123 (base 4) to base 11.
-25
10010 (base 2) to base 11
17
-51 (base 13) to base 11
-60
What is 6 (base 13) in base 9?
6
Convert 0 (base 9) to base 8.
0
Convert -c7 (base 13) to base 4.
-2203
Convert 13 (base 4) to base 3.
21
What is 30 (base 13) in base 5?
124
What is 2 (base 4) in base 15?
2
What is -15 (base 6) in base 16?
-b
Convert -9 (base 14) to base 16.
-9
-7 (base 11) to base 9
-7
-40 (base 5) to base 16
-14
Convert -140 (base 5) to base 7.
-63
-4 (base 6) to base 5
-4
What is 5 (base 10) in base 16?
5
3 (base 5) to base 15
3
-46 (base 9) to base 2
-101010
What is 58 (base 15) in base 3?
10002
-22 (base 3) to base 8
-10
What is 14 (base 5) in base 11?
9
What is -5e (base 15) in base 8?
-131
What is -3 (base 9) in base 12?
-3
Convert -2 (base 8) to base 4.
-2
Convert -13 (base 4) to base 9.
-7
Convert -110000 (base 2) to base 15.
-33
Convert -20 (base 6) to base 14.
-c
What is -40 (base 13) in base 12?
-44
Convert -40 (base 9) to base 14.
-28
Convert 1 (base 11) to base 12.
1
-23 (base 8) to base 15
-14
Convert -221 (base 4) to base 14.
-2d
Convert -6 (base 13) to base 6.
-10
Convert -160 (base 13) to base 14.
-139
1 (base 3) to base 12
1
Convert -4 (base 13) to base 2.
-100
Convert 114 (base 7) to base 9.
66
260 (base 9) to base 11
187
a1 (base 11) to base 12
93
Convert -10010 (base 2) to base 15.
-13
Convert 1100101 (base 2) to base 8.
145
Convert -36 (base 8) to base 11.
-28
What is 2 (base 6) in base 11?
2
47 (base 11) to base 14
39
4c (base 14) to base 13
53
58 (base 10) to base 15
3d
What is -5 (base 14) in base 4?
-11
-2 (base 4) to base 10
-2
126 (base 12) to base 11
149
22 (base 4) to base 16
a
39 (base 16) to base 13
45
Convert 1000 (base 3) to base 16.
1b
What is -30 (base 15) in base 3?
-1200
What is 18 (base 15) in base 3?
212
Convert -1 (base 9) to base 14.
-1
130 (base 8) to base 5
323
-95 (base 11) to base 9
-125
12 (base 6) to base 8
10
Convert -1 (base 15) to base 3.
-1
-1012 (base 3) to base 7
-44
Convert 51 (base 16) to